= -y**3 + 23*y**2 - 6*y - 31. What is the units digit of p(o)?
1
Suppose -4*p + 14*m + 9920 = 16*m, -3*m = 4*p - 9918. What is the hundreds digit of p?
4
Let x be 4/6 + (-310)/(-3). Suppose -i - x = i. Let y = -22 - i. What is the units digit of y?
0
Let z(b) = 7*b + 11. Let j(l) = -8*l - 10. Let g(p) = -5*j(p) - 6*z(p). Let d be g(-18). Let q = d - 19. What is the units digit of q?
1
Let t be (-4)/(-18) + 4/(-18). Suppose t*y = 3*y, y = -f + 3. Suppose 0 = -z - z + f*n + 15, 5*z + 3*n = 90. What is the tens digit of z?
1
Let y = 80 - 77. Suppose r - 67 = y. What is the tens digit of r?
7
Let v be 8/10*35/14. Let k be 14*4/8*v. Let x(d) = d**3 - 14*d**2 + 8. What is the units digit of x(k)?
8
Suppose -5*f + 13 = -2. Let s = -7 + f. Let b(h) = -h**3 - 4*h**2 - 5*h + 2. What is the units digit of b(s)?
2
What is the tens digit of (18/(-10) - -1)/(8/(-2820))?
8
What is the hundreds digit of (120/32)/((-1)/(-144))?
5
Let g be (0 + -2)*(3 - 5). Suppose 273 = g*n - 335. What is the tens digit of n?
5
Let s = 1298 - 911. What is the tens digit of s?
8
Suppose -1999*k = -1988*k - 27159. What is the tens digit of k?
6
Let a = -72 - -267. What is the hundreds digit of a?
1
Suppose 63*u - 60*u - 12 = 0. Suppose g = 1, -2*d = d - u*g - 131. What is the tens digit of d?
4
Suppose 0 = -3*k - 2*k. Suppose 67 = 4*r - w, k*w + 2*w = -5*r + 100. Suppose 0 = l + l - r. What is the units digit of l?
9
Suppose 2*o = -3*o. Let d(v) = 2*v**3 + 2*v**2 - 1. Let t be d(1). Suppose t*p = -z - o*p + 8, 0 = -3*z - 4*p + 14. What is the units digit of z?
2
Let s(u) be the third derivative of u**4/6 - 13*u**3/3 - 16*u**2. What is the units digit of s(17)?
2
Suppose -823 = -9*v - 3217. Let y = 433 + v. What is the units digit of y?
7
Suppose -5*q + 25 = 4*n, -q = -3*n - 0*n + 33. Suppose b - 18 = -u, -3*u + n = -5*b - 4. What is the units digit of u?
3
Let n(z) = z**2 + z - 6. Let s be n(0). Let k be ((-3)/s)/(3/36). Suppose -24 = 2*l - k*l - 3*h, 4*l - 24 = 5*h. What is the units digit of l?
6
What is the thousands digit of (-9)/(-3) + 3 - 12 - -1702?
1
Suppose 4*j + 5*r + 2 = 0, 0 = -3*j + 8*j + 5*r. Suppose v = 2*w + 36, -2*w = 2*v + j*w - 56. What is the tens digit of v?
3
What is the tens digit of 13/(-91) + 1/(21/10650)?
0
Suppose -14*r + 6*r + 5856 = 0. Suppose -40*n + 37*n = -r. What is the units digit of n?
4
Let o(w) = 74*w**2 + 30*w + 1. What is the units digit of o(-6)?
5
Suppose -8*k + 6469 + 2611 = 0. What is the tens digit of k?
3
Let p = 111 + -106. Suppose -p*r = 20 - 340. What is the tens digit of r?
6
Let g(x) = -x**3 - x**2 + 3*x + 4. Let t be g(-2). Suppose -4*q = t*y - 16, 3*q + 9 - 3 = 3*y. What is the units digit of y?
4
Let c = 575 + 59. Suppose c = 4*i + 134. What is the hundreds digit of i?
1
Let c = 12 + -8. Let y(z) = -z**3 - z. Let f be y(0). Suppose c*u = -f*u + 92. What is the units digit of u?
3
Suppose -4*w = -3 - 17. Suppose -w*o + 20 = -20. Suppose 225 = o*g + 1. What is the tens digit of g?
2
Let s(r) = -164*r + 501. What is the tens digit of s(-12)?
6
Suppose 9 + 15 = 3*p. Let g(a) = -8*a + 18*a + 2 - 8*a - 5. What is the units digit of g(p)?
3
Let l(z) = -3*z - 6. Let i be l(-5). Let y(q) = 2*q**2 - 10*q. What is the units digit of y(i)?
2
Let d(k) = 34*k + 272. What is the hundreds digit of d(23)?
0
Let r(x) = 3*x**3 - 5*x**2 - 12*x + 9. What is the tens digit of r(5)?
9
Let g = -68 - -66. Let i(v) = -3*v**3 - 2*v**2 + 4*v + 6. What is the units digit of i(g)?
4
Let k = 33 + -29. Suppose 72 = k*p + s, s - 77 = -5*p + 3*s. What is the tens digit of p?
1
Let d = -39 + 60. Let f = d + -19. Suppose f*q = 3*o + 87, 3*o = -q + 8*o + 40. What is the units digit of q?
5
Let f(p) = 21*p**2 + p - 2. Let x be (-1)/(-4) + 2/(-8). Suppose 2*t + 2*v - 4 + x = 0, -5*t + 1 = -4*v. What is the tens digit of f(t)?
2
Suppose -85 = -4*u + 51. Let h = -27 + 31. Suppose 2*c = d - u, -3*d + h*c = 3*c - 92. What is the tens digit of d?
3
Suppose -5*o = 2*l - 35, -3*o + 0*l - l + 20 = 0. Suppose -o*t - 23 + 153 = 0. What is the units digit of t?
6
Let r be (2/(-3))/(1/(-15)). Suppose -5*a + r = -0*a. Suppose p + 26 = a*p - 2*v, -3*p - 2*v = -46. What is the units digit of p?
8
Let j(t) = t**3 + 26*t**2 - t - 34. Let l be j(-26). Let n = l - -22. What is the units digit of n?
4
Let u(q) = -q**2 - 18*q + 4. Let w be u(-18). Suppose -5*r = 2*k - r - 298, 0 = -5*k + w*r + 773. What is the units digit of k?
3
Suppose -3*n + k - 20 = 0, 3*n - 2*n = 4*k - 14. What is the tens digit of (1 - 4)/((-12 - n)/132)?
6
Let b(v) = 13*v - 17. Suppose i = -3*i + 56. Suppose 5*f - 21 = -z, 2*f - i - 8 = 3*z. What is the units digit of b(f)?
8
Let j(b) = b**3 - 23*b**2 - 38*b + 93. What is the units digit of j(30)?
3
Let u be 4*1*30/24. Suppose 7*m = 4*m + 2*y + 26, u*m + 3*y = 18. Suppose -m*n = -3*n - 105. What is the units digit of n?
5
Let x = 91 + -63. Suppose -7*s + 231 = -x. What is the units digit of s?
7
Let n be 12/30 + ((-16)/(-10) - 0). Suppose -290 = -4*h - n*s, 4*h + 3*s = 123 + 166. What is the units digit of h?
3
Let o = -14 + 17. Let g be 4 - -10 - (o - 1). What is the units digit of 4/g - (-8)/12?
1
Let q = -7 + 22. Let a = q + -15. Suppose 6*z - 3*z - 42 = a. What is the units digit of z?
4
Let p(m) = -m**3 + 16*m**2 + 39*m - 4. What is the hundreds digit of p(16)?
6
Suppose 5*n = -5*v + 3100, -230 = -n - 3*v + 390. What is the hundreds digit of n?
6
Suppose 4*h - 3061 = -3*s + 8011, 3*s - 11067 = -3*h. What is the thousands digit of s?
3
Let l(m) = 6*m**2 - 2. Let b be (2/(-3))/(10/(-105)). Let z = b + -5. What is the units digit of l(z)?
2
Suppose -5*v = -2351 + 36. What is the tens digit of v?
6
Suppose -5*k + 5*o + 3908 = -3562, -k + 3*o + 1498 = 0. What is the hundreds digit of k?
4
Suppose -4*x - 2*x = -54. Let u = x + 21. What is the units digit of u?
0
Let j(d) = d**2 - 2*d + 12. Let o be j(-8). Suppose -3*u - 4*p = -0*p - 139, 2*u - o = -2*p. What is the tens digit of u?
4
Suppose 3*h = 6*x - 2*x - 2588, x + 5*h - 624 = 0. What is the tens digit of x?
4
Let n(b) = -4*b + 50. Let y be n(0). Suppose 6*r = 4*r + y. What is the tens digit of r?
2
Let b be (3 - 6/4)*56/(-6). Suppose -16 = 5*m - m. What is the units digit of b/m*10/5?
7
Suppose -5*u = -0*u + 5. What is the tens digit of ((-639)/12 - u)/((-10)/40)?
0
Suppose -132*j = -140*j + 2112. What is the tens digit of j?
6
Let u(j) = 14*j - 1. Let o be u(8). Suppose -114 = -5*a + o. What is the tens digit of a?
4
Suppose -19*l + 313 = -18*l. Let h = -182 + l. What is the hundreds digit of h?
1
Let k be 7/(7/(-4)) + 7. Suppose 2*u = -k*u + 360. What is the units digit of u?
2
Suppose -5*a - 709 + 979 = 0. What is the units digit of a?
4
Suppose 0 = -5*c + 16567 + 2948. What is the tens digit of c?
0
Let n(j) = 9*j**2 + 69*j + 48. What is the units digit of n(-14)?
6
Let q = -21 + 25. Suppose -f = q*f - 325. What is the units digit of f?
5
Let d = -66 - -272. What is the tens digit of d?
0
Let l = 26 + -27. What is the units digit of (0 - 0 - l) + (1 - -52)?
4
Let i = -125 - -327. What is the tens digit of i?
0
Let k(u) = 2*u**3 - 13*u**2 - 10*u - 1. Let n be k(7). Let b = n - -118. What is the units digit of b?
6
Suppose 5*s - 3*i = 4*s + 6, -s + i - 4 = 0. Let v(d) be the first derivative of -d**2/2 - 8*d - 33. What is the units digit of v(s)?
1
Let d(g) = g**3 + 8*g**2 + 7*g + 2. Let p be d(-7). Suppose -6*l = p*l - 728. Let v = -51 + l. What is the units digit of v?
0
Suppose -48*q + 5*q + 37066 = 0. What is the hundreds digit of q?
8
Let l = 4 - -2. Let i be (8/(-2))/(l/(-3)). What is the units digit of -9 + 10 + 4/i?
3
Let t = -403 + 874. What is the units digit of t?
1
Let q(k) = -106*k - 2. Let u(h) = -635*h - 11. Let t(p) = -34*q(p) + 6*u(p). Let g be t(-1). Suppose -15*m = -19*m + g. What is the units digit of m?
2
Let p(a) = -a**2 + 14*a - 9. Let l be p(13). What is the tens digit of 7/(l - 141/36)?
8
Let z = 125 + 461. What is the units digit of z?
6
What is the tens digit of 358/(((-153)/(-18))/17)?
1
What is the units digit of 24/32*2872/3?
8
Let s(v) = -v**3 - 6*v**2 - 6. Let r be s(-6). Let c be (-2)/6 - 14/r. Suppose 5*p + 11 = c*y + 71, 3*p + 5*y = 67. What is the units digit of p?
4
Let h(o) = -23*o**2 - 2*o - 5. Let i be h(-4). Let t = -212 - i. What is the tens digit of t?
5
Let 